{"id":75,"date":"2023-04-18T14:59:56","date_gmt":"2023-04-18T12:59:56","guid":{"rendered":"http:\/\/www.satinpoursoie.fr\/?page_id=75"},"modified":"2023-04-18T14:59:56","modified_gmt":"2023-04-18T12:59:56","slug":"cours-individuels-de-couture","status":"publish","type":"page","link":"https:\/\/test.satinpoursoie.fr\/index.php\/cours-ateliers-couture\/cours-individuels-de-couture\/","title":{"rendered":"Cours Individuels de couture"},"content":{"rendered":"<p>Je vous propose des Cours individuels de couture dans mon atelier de Vichy ou \u00e0 votre domicile.<\/p><p>Les cours techniques individuels vous permettent d&#8217;apprendre ou de parfaire une ou plusieurs techniques pr\u00e9cises de couture. A travers la r\u00e9alisation de pi\u00e8ce d&#8217;\u00e9tude, vous d\u00e9couvrirez chaque \u00e9tape de la r\u00e9alisation de votre montage. Une fiche technique &#8216;Pas \u00e0 Pas&#8217; vous sera remise et vous permettra de reproduire ensuite la technique par vous m\u00eame.<\/p><div class=\"wp-block-columns is-layout-flex wp-container-core-columns-is-layout-9d6595d7 wp-block-columns-is-layout-flex\"><div class=\"wp-block-column is-layout-flow wp-block-column-is-layout-flow\" style=\"flex-basis:100%\"><div class=\"wp-block-columns is-layout-flex wp-container-core-columns-is-layout-9d6595d7 wp-block-columns-is-layout-flex\"><div class=\"wp-block-column is-layout-flow wp-block-column-is-layout-flow\"><div class=\"wp-block-image\"><figure class=\"aligncenter size-thumbnail is-resized\"><img loading=\"lazy\" decoding=\"async\" src=\"http:\/\/www.satinpoursoie.fr\/wp-content\/uploads\/2023\/04\/IMG_20230209_170745_274-150x150.webp\" alt=\"Montage fermeture\" class=\"wp-image-191\" style=\"width:200px;height:200px\" width=\"200\" height=\"200\"\/><figcaption class=\"wp-element-caption\">Montage fermeture pose classique<\/figcaption><\/figure><\/div><\/div>\n\n<div class=\"wp-block-column is-layout-flow wp-block-column-is-layout-flow\"><div class=\"wp-block-image\"><figure class=\"aligncenter size-thumbnail is-resized\"><img loading=\"lazy\" decoding=\"async\" src=\"http:\/\/www.satinpoursoie.fr\/wp-content\/uploads\/2023\/04\/20210226_151411-150x150.jpg\" alt=\"Fente ind\u00e9chirable\" class=\"wp-image-192\" style=\"width:200px;height:200px\" width=\"200\" height=\"200\"\/><figcaption class=\"wp-element-caption\">Cr\u00e9ation d&#8217;une fente ind\u00e9chirable<\/figcaption><\/figure><\/div><\/div>\n\n<div class=\"wp-block-column is-layout-flow wp-block-column-is-layout-flow\"><div class=\"wp-block-image\"><figure class=\"aligncenter size-thumbnail is-resized\"><img loading=\"lazy\" decoding=\"async\" src=\"http:\/\/www.satinpoursoie.fr\/wp-content\/uploads\/2023\/04\/20220320_122345-150x150.jpg\" alt=\"Point d'orgue\" class=\"wp-image-190\" style=\"width:200px;height:200px\" width=\"200\" height=\"200\"\/><figcaption class=\"wp-element-caption\">Montage de jupe en <a href=\"https:\/\/www.atad.asso.fr\/costumes\/pli-canon-ou-en-tuyau-dorgue-tuto\">point d&#8217;orgue<\/a><\/figcaption><\/figure><\/div><\/div><\/div><\/div><\/div><p>Le Coaching Couture est une prestation vous permettant de r\u00e9aliser vous m\u00eame votre projet couture. Le coaching couture est adapt\u00e9 \u00e0 vos besoins et \u00e0 vos objectifs. Je travaille en \u00e9troite collaboration avec vous pour vous accompagner dans le projet que vous souhaitez r\u00e9aliser. L&#8217;objectif du coaching couture est de vous guider, de vous expliquer, tout au long des \u00e9tapes de la couture de votre v\u00eatement, et de vous apporter les r\u00e9ponses techniques n\u00e9cessaires pour que votre cr\u00e9ation soit la v\u00f4tre.<\/p><p><\/p><div class=\"wp-block-media-text is-stacked-on-mobile\"><figure class=\"wp-block-media-text__media\"><img decoding=\"async\" src=\"https:\/\/www.satinpoursoie.fr\/wp-content\/uploads\/2023\/10\/20231003_094056-1024x768.jpg\" alt=\"Poste de Couture Atelier public\" class=\"wp-image-335 size-full\"\/><\/figure><div class=\"wp-block-media-text__content\"><p>Dans un espace chaleureux et convivial, je mets \u00e0 votre disposition l&#8217;ensemble du mat\u00e9riel dont vous pouvez avoir besoin (machine \u00e0 coudre, mat\u00e9riel de base).  <\/p>\n\n<p>Mais vous pouvez aussi venir avec votre mat\u00e9riel pour vous sentir plus \u00e0 l&#8217;aise.<\/p><\/div><\/div><p style=\"font-size:22px\"><\/p><div class=\"wp-block-columns is-layout-flex wp-container-core-columns-is-layout-9d6595d7 wp-block-columns-is-layout-flex\"><div class=\"wp-block-column has-background is-layout-flow wp-block-column-is-layout-flow\" style=\"background-color:#bababa\"><div style=\"height:20px\" aria-hidden=\"true\" class=\"wp-block-spacer\"><\/div>\n\n<h2 class=\"wp-block-heading has-text-align-center\">Cours &#8216;Technique de Couture&#8217;<\/h2>\n\n<p class=\"has-text-align-center\">Dur\u00e9e : 1h<\/p>\n\n<hr class=\"wp-block-separator has-text-color has-black-color has-alpha-channel-opacity has-black-background-color has-background is-style-wide\"\/>\n\n<p>Je vous propose un accompagnement technique vous permettant de vous perfectionner sur des techniques de couture. <\/p>\n\n<p>Chaque cours vous d\u00e9taille pas \u00e0 pas les techniques de bases, vous saurez \u00eatre autonome sur vos prochaines r\u00e9alisations.<\/p>\n\n<hr class=\"wp-block-separator has-text-color has-black-color has-alpha-channel-opacity has-black-background-color has-background is-style-wide\"\/>\n\n<div class=\"wp-block-buttons is-content-justification-center is-layout-flex wp-container-core-buttons-is-layout-16018d1d wp-block-buttons-is-layout-flex\"><div class=\"wp-block-button\"><a class=\"wp-block-button__link has-black-color has-text-color has-background wp-element-button\" href=\"http:\/\/www.satinpoursoie.fr\/index.php\/techniques-de-couture\/\" style=\"background-color:#b2727f\">En savoir plus&#8230;<\/a><\/div><\/div>\n\n<p><\/p><\/div>\n\n<div class=\"wp-block-column has-background is-layout-flow wp-block-column-is-layout-flow\" style=\"background-color:#eaeaea\"><div style=\"height:20px\" aria-hidden=\"true\" class=\"wp-block-spacer\"><\/div>\n\n<h2 class=\"wp-block-heading has-text-align-center\">Coaching<\/h2>\n\n<p class=\"has-text-align-center\">Dur\u00e9e : 3 fois 2 heures<\/p>\n\n<hr class=\"wp-block-separator has-text-color has-black-color has-alpha-channel-opacity has-black-background-color has-background is-style-wide\"\/>\n\n<p>Vous souhaitez que je vous accompagne sur la r\u00e9alisation d&#8217;un projet concret, de la prise en main du patron jusqu&#8217;au finition? <\/p>\n\n<p>Vous aurez la satisfaction de r\u00e9aliser vous m\u00eame votre cr\u00e9ation, \u00e9tape par \u00e9tape, et de voir votre projet se construire sous vos mains.<\/p>\n\n<hr class=\"wp-block-separator has-text-color has-black-color has-alpha-channel-opacity has-black-background-color has-background is-style-wide\"\/>\n\n<div class=\"wp-block-buttons is-content-justification-center is-layout-flex wp-container-core-buttons-is-layout-16018d1d wp-block-buttons-is-layout-flex\"><div class=\"wp-block-button\"><a class=\"wp-block-button__link has-black-color has-text-color has-background wp-element-button\" href=\"http:\/\/www.satinpoursoie.fr\/index.php\/coaching\/\" style=\"background-color:#b2727f\">En savoir plus&#8230;<\/a><\/div><\/div>\n\n<p><\/p><\/div><\/div><div class=\"wp-block-buttons is-content-justification-center is-layout-flex wp-container-core-buttons-is-layout-16018d1d wp-block-buttons-is-layout-flex\"><div class=\"wp-block-button has-custom-width wp-block-button__width-50 is-style-outline is-style-outline--1\"><a class=\"wp-block-button__link wp-element-button\" href=\"http:\/\/www.satinpoursoie.fr\/index.php\/contacts\/\">Contactez-moi<\/a><\/div><\/div>","protected":false},"excerpt":{"rendered":"<p>Je vous propose des Cours individuels de couture dans mon atelier de Vichy ou \u00e0 votre domicile. Les cours techniques individuels vous permettent d&#8217;apprendre ou de parfaire une ou plusieurs techniques pr\u00e9cises de couture. A travers la r\u00e9alisation de pi\u00e8ce d&#8217;\u00e9tude, vous d\u00e9couvrirez chaque \u00e9tape de la r\u00e9alisation de votre montage. Une fiche technique &#8216;Pas &hellip; <\/p>\n","protected":false},"author":1,"featured_media":0,"parent":17,"menu_order":0,"comment_status":"closed","ping_status":"closed","template":"","meta":{"footnotes":""},"class_list":["post-75","page","type-page","status-publish","hentry"],"_links":{"self":[{"href":"https:\/\/test.satinpoursoie.fr\/index.php\/wp-json\/wp\/v2\/pages\/75","targetHints":{"allow":["GET"]}}],"collection":[{"href":"https:\/\/test.satinpoursoie.fr\/index.php\/wp-json\/wp\/v2\/pages"}],"about":[{"href":"https:\/\/test.satinpoursoie.fr\/index.php\/wp-json\/wp\/v2\/types\/page"}],"author":[{"embeddable":true,"href":"https:\/\/test.satinpoursoie.fr\/index.php\/wp-json\/wp\/v2\/users\/1"}],"replies":[{"embeddable":true,"href":"https:\/\/test.satinpoursoie.fr\/index.php\/wp-json\/wp\/v2\/comments?post=75"}],"version-history":[{"count":1,"href":"https:\/\/test.satinpoursoie.fr\/index.php\/wp-json\/wp\/v2\/pages\/75\/revisions"}],"predecessor-version":[{"id":536,"href":"https:\/\/test.satinpoursoie.fr\/index.php\/wp-json\/wp\/v2\/pages\/75\/revisions\/536"}],"up":[{"embeddable":true,"href":"https:\/\/test.satinpoursoie.fr\/index.php\/wp-json\/wp\/v2\/pages\/17"}],"wp:attachment":[{"href":"https:\/\/test.satinpoursoie.fr\/index.php\/wp-json\/wp\/v2\/media?parent=75"}],"curies":[{"name":"wp","href":"https:\/\/api.w.org\/{rel}","templated":true}]}}