{"id":16,"date":"2023-04-18T12:50:53","date_gmt":"2023-04-18T10:50:53","guid":{"rendered":"http:\/\/www.satinpoursoie.fr\/?page_id=16"},"modified":"2023-04-18T12:50:53","modified_gmt":"2023-04-18T10:50:53","slug":"atelier-de-couture","status":"publish","type":"page","link":"https:\/\/test.satinpoursoie.fr\/index.php\/sain-pour-soie\/atelier-de-couture\/","title":{"rendered":"L&#8217;atelier de Couture"},"content":{"rendered":"<h2 class=\"wp-block-heading has-text-color has-background\" style=\"color:#b2727f;background-color:#dddddd\">O\u00f9 se trouve l&#8217;atelier de couture Satin Pour Soie?<\/h2><div class=\"wp-block-columns is-layout-flex wp-container-core-columns-is-layout-9d6595d7 wp-block-columns-is-layout-flex\"><div class=\"wp-block-column is-layout-flow wp-block-column-is-layout-flow\" style=\"flex-basis:50%\"><iframe src=\"https:\/\/www.google.com\/maps\/embed?pb=!1m14!1m8!1m3!1d2686.387792094772!2d3.4251717697549586!3d46.12874168296701!3m2!1i1024!2i768!4f13.1!3m3!1m2!1s0x47f6cdf168032891%3A0x32662045f05b5058!2sSatin%20pour%20Soie!5e0!3m2!1sfr!2sfr!4v1697100926666!5m2!1sfr!2sfr\" width=\"600\" height=\"450\" style=\"border:0;\" allowfullscreen=\"\" loading=\"lazy\" referrerpolicy=\"no-referrer-when-downgrade\"><\/iframe><\/div>\n\n<div class=\"wp-block-column is-layout-flow wp-block-column-is-layout-flow\" style=\"flex-basis:50%\"><p class=\"has-text-align-right\">Situ\u00e9 au <strong>7 boulevard Gambetta \u00e0 <a href=\"https:\/\/vichymonamour.fr\/\">Vichy<\/a><\/strong>, l&#8217;Atelier de couture Satin pour Soie est un<strong> lieu privil\u00e9gi\u00e9<\/strong> pour r\u00e9aliser <strong>vos r\u00eaves vestimentaires<\/strong>.<\/p>\n\n<p class=\"has-text-align-right\">L&#8217;atelier de couture est id\u00e9alement plac\u00e9 entre <strong>la gare et le march\u00e9 couvert<\/strong>.<\/p>\n\n<p class=\"has-text-align-right\">Vous trouverez des <strong>places de stationnement gratuites<\/strong> tout autour du march\u00e9 ou sur la place Jean Epinat \u00e0 moins de 5 minutes de marche de l&#8217;atelier.<\/p>\n\n<p class=\"has-text-align-right\">De l&#8217;autre cot\u00e9 du rond point du march\u00e9 couvert, poussez la porte du magasin <a href=\"https:\/\/www.facebook.com\/toustissus\/?locale=fr_FR\">Tous Tissus <\/a>pour y d\u00e9couvrir <strong>un large choix de tissu<\/strong>. Nous pourrons y aller ensemble pour y trouver celui qui conviendra \u00e0 votre projet.<\/p><\/div><\/div><h2 class=\"wp-block-heading has-text-color has-background\" style=\"color:#b2727f;background-color:#dddddd\">Que vous propose l&#8217;atelier de couture Satin pour Soie?<\/h2><h3 class=\"wp-block-heading\"><a href=\"https:\/\/www.satinpoursoie.fr\/index.php\/creations\/\">Les Cr\u00e9ations Satin pour Soie<\/a><\/h3><div class=\"wp-block-media-text is-stacked-on-mobile\" style=\"grid-template-columns:20% auto\"><figure class=\"wp-block-media-text__media\"><img decoding=\"async\" src=\"https:\/\/www.satinpoursoie.fr\/wp-content\/uploads\/2023\/10\/Smocks2-1-768x1024.jpg\" alt=\"\" class=\"wp-image-482 size-full\"\/><\/figure><div class=\"wp-block-media-text__content\"><h4 class=\"wp-block-heading\">V\u00eatements<\/h4>\n\n<p>Au fil de mes inspirations, je vous propose <strong>des v\u00eatements con\u00e7us et cousus<\/strong> \u00e0 l&#8217;atelier de <a href=\"https:\/\/vichymonamour.fr\/\">Vichy<\/a> : Robe, chemisier, top, blouse, jupe, pantalon, veste, manteaux. <\/p>\n\n<p>Chaque cr\u00e9ation est enti\u00e8rement <strong>personnalisable <\/strong>et <strong>r\u00e9alisable sur commande<\/strong>.<\/p><\/div><\/div><div class=\"wp-block-media-text has-media-on-the-right is-stacked-on-mobile\" style=\"grid-template-columns:auto 20%\"><div class=\"wp-block-media-text__content\"><p> <h4 class=\"wp-block-heading\">Accessoires<\/h4><p>Je vous propose <strong>un large panel d&#8217;accessoires<\/strong>, pour vous, votre <strong>famille<\/strong>, ou pour <strong>offrir <\/strong>: Sacs, Trousses et Pochettes, Pochettes Cadeaux r\u00e9utilisables, Lingettes pour tous en diff\u00e9rents formats, Bouillottes s\u00e8che&#8230;Tous ces mod\u00e8les se trouvent en <strong>achat direct<\/strong> (sur la boutique en ligne ou directement \u00e0 l&#8217;atelier) ou sont <strong>personnalisables<\/strong>. <\/p><\/p><\/div><figure class=\"wp-block-media-text__media\"><img decoding=\"async\" src=\"https:\/\/www.satinpoursoie.fr\/wp-content\/uploads\/2023\/10\/Bordeaux-Vintage-768x1024.jpg\" alt=\"\" class=\"wp-image-487 size-full\"\/><\/figure><\/div><p class=\"has-text-align-center has-background\" style=\"background-color:#d4aaaa\"><strong>Visitez <a href=\"https:\/\/shop.satinpoursoie.fr\/\">ma boutique en ligne<\/a> pour d\u00e9couvrir les nouveaut\u00e9s! <\/strong><\/p><h3 class=\"wp-block-heading\"><a href=\"https:\/\/www.satinpoursoie.fr\/index.php\/couture-sur-mesure\/\">La Couture sur Mesure<\/a><\/h3><div class=\"wp-block-media-text is-stacked-on-mobile\" style=\"grid-template-columns:30% auto\"><figure class=\"wp-block-media-text__media\"><img decoding=\"async\" src=\"https:\/\/www.satinpoursoie.fr\/wp-content\/uploads\/2023\/10\/20230428_093647-1024x768.jpg\" alt=\"Tra\u00e7age de patron pour la couture de v\u00eatement et ateliers\" class=\"wp-image-321 size-full\"\/><\/figure><div class=\"wp-block-media-text__content\"><p>Je confectionne pour vous des v\u00eatements <strong>uniques<\/strong>, adapt\u00e9s \u00e0 vos <strong>besoins<\/strong>, \u00e0 votre <strong>style personnel<\/strong> et \u00e0 vos <strong>mesure<\/strong>s.<\/p>\n\n<p>Emmenez moi un <strong>v\u00eatement <\/strong>us\u00e9 que vous voulez faire refaire, un <strong>croquis <\/strong>jet\u00e9 sur du papier, une <strong>photo <\/strong>glan\u00e9e dans un magasine ou sur internet. Je r\u00e9alise le mod\u00e8le de <strong>vos r\u00eaves \u00e0 vos mesures<\/strong>.<\/p><\/div><\/div><p class=\"has-text-align-center has-background\" style=\"background-color:#d4aaaa\"><strong>D\u00e9couvrez les \u00e9tapes de <a href=\"https:\/\/www.satinpoursoie.fr\/index.php\/couture-sur-mesure\/\">la couture sur mesure<\/a><\/strong><\/p><h3 class=\"wp-block-heading\"><a href=\"https:\/\/www.satinpoursoie.fr\/index.php\/cours-ateliers-couture\/\">Les Cours et Ateliers<\/a><\/h3><div class=\"wp-block-media-text has-media-on-the-right is-stacked-on-mobile\" style=\"grid-template-columns:auto 30%\"><div class=\"wp-block-media-text__content\"><p>Vous avez besoin d&#8217;\u00eatre accompagn\u00e9 dans votre d\u00e9couverte de la couture.<\/p>\n\n<p>Ou sinon, Vous n&#8217;avez plus pratiqu\u00e9 la couture depuis longtemps, et souhaitez vous y remettre.<\/p>\n\n<p>Ou Alors, Vous souhaitez am\u00e9liorer quelques points techniques.<\/p><\/div><figure class=\"wp-block-media-text__media\"><img decoding=\"async\" src=\"https:\/\/www.satinpoursoie.fr\/wp-content\/uploads\/2023\/10\/20231003_094017-1024x768.jpg\" alt=\"Kits pour les ateliers couture\" class=\"wp-image-353 size-full\"\/><\/figure><\/div><p class=\"has-text-align-center has-background\" style=\"background-color:#d4aaaa\"><strong>Je vous propose <a href=\"https:\/\/www.satinpoursoie.fr\/index.php\/cours-ateliers-couture\/\">des Ateliers th\u00e9matique et des cours individuels.<\/a><\/strong><\/p><h2 class=\"wp-block-heading has-text-color has-background\" style=\"color:#b2727f;background-color:#dddddd\">Quel Mat\u00e9riel est utilis\u00e9 dans l&#8217;atelier de couture?<\/h2><div class=\"wp-block-media-text is-stacked-on-mobile\" style=\"grid-template-columns:30% auto\"><figure class=\"wp-block-media-text__media\"><img decoding=\"async\" src=\"https:\/\/www.satinpoursoie.fr\/wp-content\/uploads\/2023\/10\/20221123_103617-1024x768.jpg\" alt=\"L'atelier de couture : Machines Bernina\" class=\"wp-image-492 size-full\"\/><\/figure><div class=\"wp-block-media-text__content\"><p>Pour r\u00e9aliser vos v\u00eatements, j&#8217;utilise deux types de machines :<\/p>\n\n<ul class=\"wp-block-list\"><li><strong>Machine \u00e0 coudre<\/strong> <a href=\"https:\/\/www.bernina.com\/fr-FR\/Home-France\">Bernina <\/a>350 PE<\/li>\n\n<li><strong>Surjeteuse <\/strong><a href=\"https:\/\/www.bernina.com\/fr-FR\/Home-France\">Bernina <\/a>800 DL<\/li><\/ul>\n\n<p>L&#8217;achat d&#8217;une <strong>brodeuse <\/strong>et d&#8217;une <strong>piqueuse plate<\/strong> sont \u00e0 l&#8217;\u00e9tude.<\/p>\n\n<p>J&#8217;utilise les <strong>fils \u00e0 coudre<\/strong> de la marque <a href=\"https:\/\/guetermann.com\/de\/\">Gutermann<\/a><\/p>\n\n<p>L&#8217;ensemble de mon mat\u00e9riel provient de marques s\u00e9rieuses et fiables : Bohin, Fiskars&#8230;<\/p><\/div><\/div><h2 class=\"wp-block-heading has-text-color has-background\" style=\"color:#b2727f;background-color:#dddddd\">Quels Tissus trouvez vous dans l&#8217;atelier de couture?<\/h2><div class=\"wp-block-media-text has-media-on-the-right is-stacked-on-mobile\" style=\"grid-template-columns:auto 30%\"><div class=\"wp-block-media-text__content\"><p>Satin pour soie vous propose une s\u00e9lection de tissu dans sa Tissuth\u00e8que.<\/p>\n\n<p>Vous y trouverez des Coton, Lin, Soie, Lainage unis ou \u00e0 motifs. Venez toucher les popelines, gabardines, serg\u00e9, dentelles, enduit, su\u00e9dine,satin et autres.<\/p>\n\n<p>La tissuth\u00e8que sert \u00e0 toucher les tissus et \u00e0 les d\u00e9couvrir pour ensuite trouver celui qui convient au v\u00eatement \u00e0 cr\u00e9er.<\/p>\n\n<p>Je me fournis essentiellement au <a href=\"https:\/\/parisjetaime.com\/shopping\/marche-saint-pierre-p2611\">march\u00e9 St Pierre \u00e0 Paris<\/a>, mais aussi dans le magasin <a href=\"https:\/\/www.facebook.com\/toustissus\/?locale=fr_FR\">Tous Tissus<\/a> \u00e0 <a href=\"https:\/\/vichymonamour.fr\/\">Vichy<\/a>.<\/p>\n\n<p style=\"font-size:22px\"> <\/p><\/div><figure class=\"wp-block-media-text__media\"><img decoding=\"async\" src=\"https:\/\/www.satinpoursoie.fr\/wp-content\/uploads\/2023\/10\/20221123_103539-1024x768.jpg\" alt=\"L'atelier de couture : Tissuth\u00e8que\" class=\"wp-image-500 size-full\"\/><\/figure><\/div><p><\/p>","protected":false},"excerpt":{"rendered":"<p>O\u00f9 se trouve l&#8217;atelier de couture Satin Pour Soie? Situ\u00e9 au 7 boulevard Gambetta \u00e0 Vichy, l&#8217;Atelier de couture Satin pour Soie est un lieu privil\u00e9gi\u00e9 pour r\u00e9aliser vos r\u00eaves vestimentaires. L&#8217;atelier de couture est id\u00e9alement plac\u00e9 entre la gare et le march\u00e9 couvert. Vous trouverez des places de stationnement gratuites tout autour du march\u00e9 &hellip; <\/p>\n","protected":false},"author":1,"featured_media":0,"parent":508,"menu_order":0,"comment_status":"closed","ping_status":"closed","template":"","meta":{"footnotes":""},"class_list":["post-16","page","type-page","status-publish","hentry"],"_links":{"self":[{"href":"https:\/\/test.satinpoursoie.fr\/index.php\/wp-json\/wp\/v2\/pages\/16","targetHints":{"allow":["GET"]}}],"collection":[{"href":"https:\/\/test.satinpoursoie.fr\/index.php\/wp-json\/wp\/v2\/pages"}],"about":[{"href":"https:\/\/test.satinpoursoie.fr\/index.php\/wp-json\/wp\/v2\/types\/page"}],"author":[{"embeddable":true,"href":"https:\/\/test.satinpoursoie.fr\/index.php\/wp-json\/wp\/v2\/users\/1"}],"replies":[{"embeddable":true,"href":"https:\/\/test.satinpoursoie.fr\/index.php\/wp-json\/wp\/v2\/comments?post=16"}],"version-history":[{"count":0,"href":"https:\/\/test.satinpoursoie.fr\/index.php\/wp-json\/wp\/v2\/pages\/16\/revisions"}],"up":[{"embeddable":true,"href":"https:\/\/test.satinpoursoie.fr\/index.php\/wp-json\/wp\/v2\/pages\/508"}],"wp:attachment":[{"href":"https:\/\/test.satinpoursoie.fr\/index.php\/wp-json\/wp\/v2\/media?parent=16"}],"curies":[{"name":"wp","href":"https:\/\/api.w.org\/{rel}","templated":true}]}}